 base 6?
-12333040
-71020 (base 16) to base 8
-1610040
What is 110000111101 (base 2) in base 3?
11022001
Convert 2613 (base 12) to base 10.
4335
What is -111000100001110110 (base 2) in base 12?
-b1bb2
11101001001000011 (base 2) to base 4
131021003
-3e032a (base 15) to base 10
-2987590
What is 113858 (base 10) in base 14?
2d6ca
What is -46000 (base 8) in base 9?
-28617
-2136468 (base 11) to base 3
-21001212010211
What is -200112002103 (base 4) in base 2?
-100000010110000010010011
What is 23001454 (base 6) in base 13?
1b6952
Convert 2b4c83 (base 15) to base 9.
3837546
What is -77f6d (base 16) in base 14?
-cb101
What is 229567 (base 11) in base 3?
200111101000
What is -10000111100110 (base 2) in base 6?
-104102
What is 214153032 (base 6) in base 16?
3a9acc
-3332344 (base 5) to base 12
-29a0a
What is -ae2534 (base 15) in base 11?
-4766821
What is -4422a9 (base 11) in base 10?
-705791
Convert -1a3ab1 (base 12) to base 2.
-1110001000001100101
Convert -24901 (base 12) to base 2.
-1100001000010001
What is -380337 (base 10) in base 16?
-5cdb1
-3cc881 (base 13) to base 3
-2210102020222
What is 2a066a (base 13) in base 4?
3323102302
What is -86971 (base 11) in base 5?
-13020111
2363003 (base 11) to base 4
33231121211
Convert 4555545 (base 6) to base 16.
38f39
What is 20121010100022 (base 3) in base 10?
3506012
What is 10111001101010 (base 2) in base 7?
46433
-10101110121 (base 3) to base 11
-46108
What is 1121202021 (base 3) in base 12?
1655a
What is 1700625 (base 8) in base 14?
cb3b7
Convert -26701410 (base 9) to base 11.
-7485069
11300421 (base 5) to base 14
298a0
-1253455 (base 7) to base 10
-164533
100001000101110001 (base 2) to base 9
225826
Convert -41043 (base 5) to base 7.
-10502
Convert 112112202 (base 5) to base 7.
4166353
-110101000100101001110 (base 2) to base 15
-245441
What is 3052474 (base 8) in base 5?
201331002
1101000000100110 (base 2) to base 13
1b33c
22013232322 (base 4) to base 14
4d0c42
What is -32074036 (base 8) in base 4?
-122013200132
-15883337 (base 9) to base 8
-36311436
Convert -5545311 (base 9) to base 16.
-2d82c0
Convert 364446 (base 7) to base 9.
111110
-24cb86 (base 16) to base 13
-665782
-449578 (base 12) to base 9
-2047502
What is 4663360 (base 8) in base 14?
251560
Convert -11123120312 (base 4) to base 12.
-587532
11101110010001011010 (base 2) to base 9
1746682
1352505 (base 7) to base 15
38976
What is 1084b (base 15) in base 6?
1043012
What is -12a71b (base 14) in base 15?
-ca9e8
What is -4a2c1 (base 16) in base 6?
-10302305
What is 1dd480 (base 14) in base 12?
4394b4
-133db (base 14) to base 5
-3004204
Convert -214441431 (base 5) to base 10.
-937116
What is 9cad1 (base 14) in base 15?
77c7a
What is 20133224 (base 5) in base 3?
22012210111
-57c65 (base 14) to base 2
-110100001011100001
30301310 (base 5) to base 4
323203303
Convert 3552423 (base 6) to base 12.
8b713
-7476521 (base 8) to base 9
-3674858
Convert -33123200013 (base 4) to base 7.
-46244304
What is 1030123111 (base 4) in base 16?
4c6d5
Convert 2220313100 (base 4) to base 10.
691664
What is -1b7db1 (base 16) in base 11?
-1020673
-123004 (base 5) to base 7
-16601
Convert 37a73a5 (base 11) to base 14.
c3a873
What is 5571549 (base 10) in base 12?
1a48339
What is 102951 (base 10) in base 11?
70392
What is 333a254 (base 11) in base 14?
ac5c4a
Convert -493d9 (base 15) to base 3.
-102212122120
-147c (base 13) to base 3
-11002020
Convert -1121210121012 (base 3) to base 2.
-11010010011110100011
-14524 (base 10) to base 4
-3202330
Convert -1001111101101111101110 (base 2) to base 9.
-4821241
Convert 4019a (base 14) to base 7.
1210653
251553252 (base 6) to base 7
56144561
141133 (base 10) to base 9
234534
6173672 (base 9) to base 4
30210301220
255234 (base 7) to base 9
72080
-42ab7 (base 12) to base 4
-111132223
-110122000200101 (base 3) to base 8
-31466117
-10002210210020 (base 3) to base 4
-12102232203
What is 1004887 (base 10) in base 11?
626a94
Convert 240022400 (base 5) to base 16.
10b6b6
Convert 123223302 (base 5) to base 14.
1193ca
Convert 535345522 (base 6) to base 10.
9500954
What is -2971c (base 15) in base 11?
-91106
43703 (base 11) to base 9
105872
What is 7a80cc (base 14) in base 9?
7756551
Convert -1c719a (base 13) to base 4.
-2302021210
What is -55a707a (base 11) in base 5?
-10003200444
Convert -5203113 (base 8) to base 5.
-323042432
11021202111 (base 3) to base 11
58447
317101 (base 11) to base 14
d2bcd
What is 34231505 (base 6) in base 10?
1046273
Convert 137578 (base 9) to base 6.
1450155
What is -315311 (base 8) in base 10?
-105161
Convert -26a818 (base 11) to base 6.
-13032033
What is -4cc09c (base 14) in base 11?
-1547548
What is -3500816 (base 12) in base 5?
-10103001112
What is -10011111111011111 (base 2) in base 11?
-56583
Convert 2cc0 (base 15) to base 2.
10010110011110
1c0088 (base 13) to base 6
23150105
Convert 144751 (base 9) to base 14.
24526
Convert -11111110100001001 (base 2) to base 12.
-634b5
What is 28a60 (base 15) in base 5?
13134330
-2068e (base 16) to base 5
-13222000
414025 (base 7) to base 13
26431
-2109d3 (base 16) to base 2
-1000010000100111010011
Convert -15875a5 (base 12) to base 15.
-5c1568
-111202011 (base 4) to base 7
-515064
What is 101820 (base 10) in base 2?
11000110110111100
-118950 (base 11) to base 10
-187484
-8edc1 (base 16) to base 11
-36a6a8
-4a8b8 (base 14) to base 10
-182834
Convert -124840 (base 12) to base 13.
-a5aa1
What is 2202100200111 (base 3) in base 2?
101100101010100110010
1001110111010111000 (base 2) to base 3
121102102110
a7bc0 (base 15) to base 10
532530
Convert -1657244 (base 8) to base 13.
-13bab4
What is 748a65 (base 12) in base 10?
1840109
What is -62b468 (base 12) in base 16?
-17b6d0
What is -31021421 (base 6) in base 2?
-11011001001001010101
What is -210002010120 (base 3) in base 5?
-101234042
-110100111001101010 (base 2) to base 12
-a548a
What is -37748 (base 9) in base 7?
-134021
What is 22300020 (base 4) in base 5?
2402130
Convert 362653a (base 11) to base 12.
2148935
What is 2210111320 (base 4) in base 5?
133020034
Convert 65ebb (base 15) to base 12.
13757b
Convert 428b8 (base 13) to base 4.
131111031
What is 19361 (base 10) in base 14?
70ad
What is -10002100021 (base 3) in base 13?
-21868
4b73a1 (base 12) to base 15
19639d
-154717 (base 11) to base 14
-638a9
-6379 (base 14) to base 6
-211235
47333550 (base 8) to base 15
d92839
Convert a1f04a (base 16) to base 7.
156131065
What is 2033232022 (base 4) in base 6?
20341214
What is -a64591 (base 12) in base 5?
-1132323402
ac039 (base 16) to base 9
1283434
Convert -462001 (base 8) to base 14.
-4114d
Convert 244312431 (base 5) to base 8.
4346430
What is 370a26 (base 12) in base 9?
1611113
Convert 65245 (base 14) to base 12.
b9711
Convert -c113 (base 13) to base 10.
-26549
What is -541017 (base 8) in base 6?
-3512451
What is -211877 (base 9) in base 11?
-86822
39c68c (base 14) to base 7
22641535
Convert -ba89 (base 16) to base 6.
-1005025
3730675 (base 8) to base 11
642838
12a08 (base 16) to base 15
17916
What is 19d478 (base 15) in base 7?
13465100
Convert -5074e5 (base 16) to base 4.
-110013103211
Convert -231241344 (base 5) to base 7.
-11561503
What is 1276a (base 16) in base 5?
4410001
Convert -3c6b78 (base 16) to base 10.
-3959672
Convert 2355103 (base 6) to base 16.
1e54f
What is -45125 (base 6) in base 7?
-24263
What is 141040 (base 12) in base 7?
2556312
What is 434223 (base 10) in base 7?
3455646
-1356407 (base 8) to base 14
-a0075
What is -503802 (base 9) in base 11?
-193a54
What is 3041 (base 9) in base 3?
10001101
What is 2532161 (base 7) in base 13?
b5ca0
Convert 134336 (base 9) to base 6.
1431140
Convert 447000 (base 9) to base 14.
6d703
-1573122 (base 10) to base 13
-431055
Convert -96036 (base 11) to base 12.
-68a96
What is 13314445 (base 6) in base 8?
1546175
222703 (base 11) to base 16
56a50
220021122121 (base 3) to base 14
c628a
-639796 (base 14) to base 8
-14662710
Convert 5bc0 (base 15) to base 10.
19530
-413104410 (base 6) to base 16
-6d0e96
10001111100011010000 (base 2) to base 4
2033203100
152352 (base 9) to base 4
112312202
Convert 100000110110000001000 (base 2) to base 10.
1076232
What is 1123717 (base 10) in base 15?
172e47
222012110 (base 5) to base 8
3545667
What is -1001110100001010011 (base 2) in base 10?
-321619
2